{"id":207,"date":"2023-12-28T15:52:40","date_gmt":"2023-12-28T15:52:40","guid":{"rendered":"https:\/\/boucherie-lesalexs.com\/?page_id=207"},"modified":"2024-01-02T12:59:09","modified_gmt":"2024-01-02T12:59:09","slug":"qui-sommes-nous","status":"publish","type":"page","link":"https:\/\/boucherie-lesalexs.com\/?page_id=207","title":{"rendered":"Qui sommes-nous ?"},"content":{"rendered":"\t\t<div data-elementor-type=\"wp-page\" data-elementor-id=\"207\" class=\"elementor elementor-207\" data-elementor-post-type=\"page\">\n\t\t\t\t<div class=\"elementor-element elementor-element-14feba2 e-flex e-con-boxed e-con e-parent\" data-id=\"14feba2\" data-element_type=\"container\" data-e-type=\"container\">\n\t\t\t\t\t<div class=\"e-con-inner\">\n\t\t<div class=\"elementor-element elementor-element-68dd4dd e-flex e-con-boxed e-con e-child\" data-id=\"68dd4dd\" data-element_type=\"container\" data-e-type=\"container\">\n\t\t\t\t\t<div class=\"e-con-inner\">\n\t\t\t\t<div class=\"elementor-element elementor-element-cc539d8 dce_masking-none elementor-widget elementor-widget-image\" data-id=\"cc539d8\" data-element_type=\"widget\" data-e-type=\"widget\" data-widget_type=\"image.default\">\n\t\t\t\t\t\t\t\t\t\t\t\t\t\t\t<img fetchpriority=\"high\" decoding=\"async\" width=\"800\" height=\"800\" src=\"https:\/\/boucherie-lesalexs.com\/wp-content\/uploads\/2023\/12\/photo-alexis.jpg\" class=\"attachment-large size-large wp-image-217\" alt=\"\" srcset=\"https:\/\/boucherie-lesalexs.com\/wp-content\/uploads\/2023\/12\/photo-alexis.jpg 870w, https:\/\/boucherie-lesalexs.com\/wp-content\/uploads\/2023\/12\/photo-alexis-300x300.jpg 300w, https:\/\/boucherie-lesalexs.com\/wp-content\/uploads\/2023\/12\/photo-alexis-150x150.jpg 150w, https:\/\/boucherie-lesalexs.com\/wp-content\/uploads\/2023\/12\/photo-alexis-768x768.jpg 768w, https:\/\/boucherie-lesalexs.com\/wp-content\/uploads\/2023\/12\/photo-alexis-600x600.jpg 600w, https:\/\/boucherie-lesalexs.com\/wp-content\/uploads\/2023\/12\/photo-alexis-100x100.jpg 100w\" sizes=\"(max-width: 800px) 100vw, 800px\" \/>\t\t\t\t\t\t\t\t\t\t\t\t\t\t\t<\/div>\n\t\t\t\t<div class=\"elementor-element elementor-element-a2e7b1c elementor-widget elementor-widget-text-editor\" data-id=\"a2e7b1c\" data-element_type=\"widget\" data-e-type=\"widget\" data-widget_type=\"text-editor.default\">\n\t\t\t\t\t\t\t\t\t<p>Alexis<\/p><p>Apr\u00e8s plusieurs dipl\u00f4mes dans le commerce et diverses exp\u00e9riences dans la vente, j\u2019ai d\u00e9cid\u00e9 de me r\u00e9orienter dans l\u2019artisanat afin de travailler de mes mains et mettre en valeur le savoir-faire fran\u00e7ais dans la boucherie. Mes diff\u00e9rentes exp\u00e9riences m\u2019ont permis de d\u00e9velopper mes comp\u00e9tences techniques et commerciales et de lier des relations avec la client\u00e8le locale.<\/p>\t\t\t\t\t\t\t\t<\/div>\n\t\t\t\t\t<\/div>\n\t\t\t\t<\/div>\n\t\t<div class=\"elementor-element elementor-element-c8c70e9 e-con-full e-flex e-con e-child\" data-id=\"c8c70e9\" data-element_type=\"container\" data-e-type=\"container\">\n\t\t\t\t<div class=\"elementor-element elementor-element-e9c1ecd dce_masking-none elementor-widget elementor-widget-image\" data-id=\"e9c1ecd\" data-element_type=\"widget\" data-e-type=\"widget\" data-widget_type=\"image.default\">\n\t\t\t\t\t\t\t\t\t\t\t\t\t\t\t<img decoding=\"async\" width=\"159\" height=\"212\" src=\"https:\/\/boucherie-lesalexs.com\/wp-content\/uploads\/2023\/12\/photo-ALEXIA-BARNU.jpg\" class=\"attachment-large size-large wp-image-218\" alt=\"\" \/>\t\t\t\t\t\t\t\t\t\t\t\t\t\t\t<\/div>\n\t\t\t\t<div class=\"elementor-element elementor-element-dd5425d elementor-widget elementor-widget-text-editor\" data-id=\"dd5425d\" data-element_type=\"widget\" data-e-type=\"widget\" data-widget_type=\"text-editor.default\">\n\t\t\t\t\t\t\t\t\t<p>Alexia<\/p><p>\u00c0 la suite de diverses formations dans l\u2019esth\u00e9tique et<br \/>plusieurs exp\u00e9riences professionnelles dans ce domaine, j\u2019ai d\u00e9couvert le m\u00e9tier de la charcuterie traiteur par le biais d&rsquo;un premier emploi dans un commerce d&rsquo;\u00e9picerie, boucherie et charcuterie.<br \/>J\u2019ai pu explorer les diff\u00e9rentes facettes de ce m\u00e9tier et d\u00e9velopper mes comp\u00e9tences de vendeuse aupr\u00e8s de la client\u00e8le. Attir\u00e9e par les produits r\u00e9gionaux de qualit\u00e9 et la cuisine, je m\u2019occupe actuellement de la fabrication de charcuterie, plat traiteur ainsi que de la vente.<\/p>\t\t\t\t\t\t\t\t<\/div>\n\t\t\t\t<\/div>\n\t\t\t\t\t<\/div>\n\t\t\t\t<\/div>\n\t\t\t\t<\/div>\n\t\t","protected":false},"excerpt":{"rendered":"<p>Alexis Apr\u00e8s plusieurs dipl\u00f4mes dans le commerce et diverses exp\u00e9riences dans la vente, j\u2019ai d\u00e9cid\u00e9 de me r\u00e9orienter dans l\u2019artisanat afin de travailler de mes mains et mettre en valeur le savoir-faire fran\u00e7ais dans la boucherie. Mes diff\u00e9rentes exp\u00e9riences m\u2019ont permis de d\u00e9velopper mes comp\u00e9tences techniques et commerciales et de lier des relations avec la [&hellip;]<\/p>\n","protected":false},"author":1,"featured_media":0,"parent":0,"menu_order":0,"comment_status":"closed","ping_status":"closed","template":"","meta":{"footnotes":""},"class_list":["post-207","page","type-page","status-publish","hentry"],"_links":{"self":[{"href":"https:\/\/boucherie-lesalexs.com\/index.php?rest_route=\/wp\/v2\/pages\/207","targetHints":{"allow":["GET"]}}],"collection":[{"href":"https:\/\/boucherie-lesalexs.com\/index.php?rest_route=\/wp\/v2\/pages"}],"about":[{"href":"https:\/\/boucherie-lesalexs.com\/index.php?rest_route=\/wp\/v2\/types\/page"}],"author":[{"embeddable":true,"href":"https:\/\/boucherie-lesalexs.com\/index.php?rest_route=\/wp\/v2\/users\/1"}],"replies":[{"embeddable":true,"href":"https:\/\/boucherie-lesalexs.com\/index.php?rest_route=%2Fwp%2Fv2%2Fcomments&post=207"}],"version-history":[{"count":16,"href":"https:\/\/boucherie-lesalexs.com\/index.php?rest_route=\/wp\/v2\/pages\/207\/revisions"}],"predecessor-version":[{"id":440,"href":"https:\/\/boucherie-lesalexs.com\/index.php?rest_route=\/wp\/v2\/pages\/207\/revisions\/440"}],"wp:attachment":[{"href":"https:\/\/boucherie-lesalexs.com\/index.php?rest_route=%2Fwp%2Fv2%2Fmedia&parent=207"}],"curies":[{"name":"wp","href":"https:\/\/api.w.org\/{rel}","templated":true}]}}